ommon factor of 73 and 105126643?
73
Calculate the highest common divisor of 2381435 and 1610.
35
Calculate the highest common factor of 156 and 245606036.
52
What is the greatest common divisor of 25825675 and 25?
25
Calculate the greatest common divisor of 2974871736 and 3568.
1784
Calculate the greatest common factor of 530176006 and 236.
118
What is the greatest common divisor of 4005716 and 1144?
572
Calculate the highest common divisor of 11 and 204385962.
11
Calculate the highest common factor of 64580 and 730.
10
Calculate the highest common factor of 85 and 11744450.
85
Calculate the greatest common factor of 3272453 and 713.
31
What is the greatest common factor of 2209572 and 170724?
492
Calculate the highest common divisor of 27 and 5347413.
9
What is the highest common divisor of 2193430 and 5590?
430
What is the greatest common divisor of 23247 and 123606?
567
Calculate the highest common factor of 300963116 and 11742.
3914
What is the highest common divisor of 217526 and 1845405?
1783
Calculate the greatest common divisor of 5893 and 880258.
71
Calculate the greatest common divisor of 74970697 and 17.
17
Calculate the highest common factor of 7000 and 2492.
28
Calculate the highest common divisor of 1803080 and 160.
40
What is the greatest common divisor of 20 and 25023710?
10
What is the greatest common divisor of 1503 and 299331?
9
What is the greatest common factor of 1716800 and 796920?
1160
What is the greatest common factor of 1507535 and 1955?
115
What is the greatest common factor of 55991 and 2652?
13
Calculate the highest common divisor of 3 and 1173415221.
3
What is the highest common factor of 1973668 and 1180?
236
What is the highest common factor of 185 and 11759680?
5
Calculate the highest common factor of 15989773 and 361.
361
Calculate the greatest common factor of 5558 and 7278201.
2779
What is the highest common divisor of 91068067 and 1883?
269
Calculate the greatest common divisor of 536260 and 1340.
20
What is the highest common factor of 2318015 and 12978?
721
Calculate the highest common factor of 6 and 95419722.
6
Calculate the highest common divisor of 10764 and 204861.
69
Calculate the highest common divisor of 20116 and 482596.
188
What is the highest common factor of 236145 and 24843?
273
What is the highest common divisor of 16159984 and 92?
92
Calculate the highest common factor of 1373748 and 12.
12
What is the highest common divisor of 235136 and 35860?
44
Calculate the greatest common factor of 242050 and 618.
206
What is the greatest common divisor of 288 and 107165736?
72
What is the highest common factor of 3652 and 1228732?
332
Calculate the greatest common divisor of 237012 and 1356.
12
What is the greatest common divisor of 5113831 and 261?
29
Calculate the greatest common divisor of 2239965 and 34515.
585
What is the highest common factor of 11529 and 170793?
63
What is the highest common divisor of 3529430 and 296?
74
Calculate the greatest common factor of 547320 and 1960.
40
What is the highest common divisor of 7880 and 16336028?
788
Calculate the highest common factor of 1349168 and 324048.
688
Calculate the highest common divisor of 989216 and 60496.
304
Calculate the greatest common factor of 9425 and 969267.
377
Calculate the highest common factor of 1913 and 973412833.
1913
Calculate the greatest common divisor of 8908438 and 154.
154
What is the highest common divisor of 28 and 151367741?
7
What is the greatest common divisor of 178960 and 1874606?
4474
Calculate the greatest common factor of 105288 and 68052.
1284
What is the highest common factor of 13637445 and 8145?
2715
Calculate the greatest common divisor of 3406 and 5481944.
26
What is the greatest common factor of 36515 and 442431?
109
Calculate the highest common divisor of 2571 and 46913037.
2571
What is the highest common divisor of 4768916 and 558?
62
Calculate the greatest common factor of 24703 and 16198.
7
Calculate the highest common divisor of 136 and 446437.
17
What is the highest common divisor of 149688 and 87156?
324
Calculate the greatest common factor of 111493294 and 38885.
1111
Calculate the highest common factor of 220 and 11172865.
55
Calculate the greatest common divisor of 15914646 and 17424.
2178
Calculate the greatest common divisor of 1430713664 and 128.
64
Calculate the greatest common divisor of 14489766 and 9.
9
Calculate the highest common factor of 828 and 20410668.
36
What is the highest common factor of 44929534 and 3289?
299
What is the highest common divisor of 70753575 and 3825?
1275
What is the highest common factor of 69999 and 12?
3
What is the highest common divisor of 37459 and 131647?
47
Calculate the greatest common factor of 189767669 and 1246.
623
Calculate the greatest common factor of 7370528 and 35552.
352
What is the greatest common factor of 318 and 663556449?
159
Calculate the highest common factor of 645 and 21916455.
645
Calculate the greatest common divisor of 7 and 50153845.
7
Calculate the greatest common divisor of 35 and 51645095.
5
Calculate the highest common factor of 9396080 and 4824.
536
What is the highest common divisor of 3759 and 22582?
7
Calculate the greatest common factor of 1088 and 34905488.
272
Calculate the greatest common divisor of 7033330 and 11470.
370
Calculate the greatest common factor of 1318 and 7543573.
659
What is the highest common divisor of 50 and 6886970?
10
What is the greatest common factor of 2103486 and 2639?
203
What is the greatest common factor of 107 and 959753620?
107
What is the highest common divisor of 5652632 and 1992?
664
What is the greatest common divisor of 627 and 36423475?
209
What is the highest common factor of 153645 and 2985?
15
Calculate the greatest common divisor of 7308 and 1615509.
63
What is the greatest common factor of 21561795 and 150?
15
Calculate the greatest common divisor of 28 and 2411871.
7
Calculate the greatest common factor of 34 and 159692186.
34
Calculate the highest common factor of 58557 and 682718.
149
Calculate the highest common divisor of 21817146 and 1248.
78
Calculate the highest common factor of 5680830 and 1200.
30
Calculate the highest common factor of 956293 and 208.
13
What is the greatest common factor of 21923 and 42664151?
1993
What is the greatest common factor of 3330 and 1041291?
333
Calculate the greatest common divisor of 5574 and 11478.
6
What is the greatest common divisor of 152340 and 2320?
20
What is the highest common divisor of 22998984 and 6?
6
What is the greatest common divisor of 357522 and 3300?
66
What is the greatest common factor of 440 and 2784056?
88
What is the highest common divisor of 82304 and 16?
16
What is the highest common divisor of 37975 and 601720?
245
What is the greatest common factor of 5795 and 137103905?
5795
What is the highest common factor of 208180 and 79940?
140
What is the highest common divisor of 56 and 4807768?
56
What is the greatest common factor of 825145 and 13813?
727
Calculate the highest common factor of 14976 and 333912384.
7488
What is the highest common factor of 274 and 345525097?
137
Calculate the greatest common divisor of 20315210 and 230.
230
What is the greatest common divisor of 1016772 and 912?
12
Calculate the highest common factor of 67872 and 37168000.
3232
What is the highest common divisor of 3981824 and 33229?
707
Calculate the highest common factor of 1209185 and 27756.
257
What is the greatest common divisor of 224 and 1739381?
7
What is the highest common factor of 45770184 and 3071?
3071
Calculate the highest common divisor of 8677049 and 4945.
23
Calculate the greatest common divisor of 189621845 and 7336.
917
What is the greatest common divisor of 2150 and 558325?
25
What is the highest common factor of 4899040 and 9380?
1340
What is the highest common divisor of 23 and 360843044?
23
Calculate the greatest common factor of 8490 and 578895.
15
What is the highest common factor of 1016132 and 1612?
52
Calculate the greatest common factor of 29519470 and 1534.
118
Calculate the greatest common divisor of 6259 and 38410345.
569
Calculate the highest common factor of 1040 and 62797020.
260
What is the highest common divisor of 1579728 and 1776?
48
What is the highest common divisor of 4556214 and 1611